{"id":141,"date":"2020-06-21T16:18:36","date_gmt":"2020-06-21T16:18:36","guid":{"rendered":"http:\/\/friseur-heidemann.de\/?page_id=141"},"modified":"2023-01-20T16:04:09","modified_gmt":"2023-01-20T15:04:09","slug":"impressum","status":"publish","type":"page","link":"https:\/\/friseur-heidemann.de\/?page_id=141","title":{"rendered":"Impressum"},"content":{"rendered":"\n<p><strong>Betreiber und inhaltlich Verantwortlicher gem\u00e4\u00df \u00a7 10 Absatz 3 MDStV dieser Seiten<\/strong><\/p>\n\n\n\n<p>Friseurteam J\u00f6rg Heidemann GmbH<br>Hauptstra\u00dfe 58<br>DE-33813 Oerlinghausen<br><br>Telefon: 05202 \/ 2344<br><br>E-Mail: info(at)friseur-heidemann.de<br><strong>Terminabsprache nicht per E-Mail m\u00f6glich<\/strong><br><br><br><em>Inhaltlich Verantwortlicher gem. \u00a7 55 II RStV<br>und Gesch\u00e4ftsf\u00fchrer:<\/em> &nbsp;&nbsp;&nbsp;&nbsp;&nbsp;&nbsp;&nbsp;&nbsp;&nbsp;&nbsp;&nbsp;&nbsp;&nbsp;&nbsp;&nbsp;&nbsp;&nbsp;&nbsp;&nbsp;&nbsp;&nbsp;&nbsp;&nbsp;&nbsp;&nbsp;&nbsp;&nbsp;&nbsp;&nbsp;&nbsp;&nbsp;&nbsp;&nbsp;&nbsp;&nbsp;&nbsp; &nbsp;J\u00f6rg Heidemann<br><em>USt-Identifikationsnummer gem. \u00a7 27 UStG:<\/em>&nbsp;&nbsp;&nbsp; &nbsp;DE 252129178<br><em>Eingetragen im Amtsgericht Lemgo:<\/em>&nbsp;&nbsp;&nbsp;&nbsp;&nbsp;&nbsp;&nbsp;&nbsp;&nbsp;&nbsp;&nbsp;&nbsp;&nbsp;&nbsp;&nbsp; &nbsp;HRB 6247<br><br><br><strong>Bildrechte<br><br><\/strong>Die Bildrechte verbleiben bei den Fotografen oder sonstigen Rechteinhabern. Die meisten Bilder wurden von unserem Produkt- und Kooperationspartner Redken zur Nutzung zur Verf\u00fcgung gestellt.&nbsp;<br><br>Bildquelle Startseite: istockphoto.com &amp;&nbsp;\u00a9 Zentralverband Friseurhandwerk<br>Bildquelle Frisurenmoden:&nbsp;\u00a9 Zentralverband Friseurhandwerk<br>Bildquelle Friseursalon &amp; Produktfotos:&nbsp;\u00a9 Jan Schnieders<br>Bildquelle Fotos aus Oerlinghausen: \u00a9 Karl-Heinz Meier | <a href=\"https:\/\/cuvid.de\" target=\"_blank&quot;\" rel=\"noopener\">CUVID<\/a><br>Bildquelle Fotos Mitarbeiter: \u00a9 J\u00f6rg Heidemann<br><br><strong>Haftungshinweis:<br><\/strong><br>Trotz sorgf\u00e4ltiger inhaltlicher Kontrolle \u00fcbernehmen wir keine Haftung f\u00fcr die Inhalte externer Links. F\u00fcr den Inhalt der verlinkten Seiten sind ausschlie\u00dflich deren Betreiber verantwortlich.<br><br><em>Wir sind nicht zust\u00e4ndig f\u00fcr ausliegende Printprodukte und Werbeanzeigen!<\/em><\/p>\n","protected":false},"excerpt":{"rendered":"<p>Betreiber und inhaltlich Verantwortlicher gem\u00e4\u00df \u00a7 10 Absatz 3 MDStV dieser Seiten Friseurteam J\u00f6rg Heidemann GmbHHauptstra\u00dfe 58DE-33813 Oerlinghausen Telefon: 05202 \/ 2344 E-Mail: info(at)friseur-heidemann.deTerminabsprache nicht per E-Mail m\u00f6glich Inhaltlich Verantwortlicher gem. \u00a7 55 II RStVund Gesch\u00e4ftsf\u00fchrer: &nbsp;&nbsp;&nbsp;&nbsp;&nbsp;&nbsp;&nbsp;&nbsp;&nbsp;&nbsp;&nbsp;&nbsp;&nbsp;&nbsp;&nbsp;&nbsp;&nbsp;&nbsp;&nbsp;&nbsp;&nbsp;&nbsp;&nbsp;&nbsp;&nbsp;&nbsp;&nbsp;&nbsp;&nbsp;&nbsp;&nbsp;&nbsp;&nbsp;&nbsp;&nbsp;&nbsp; &nbsp;J\u00f6rg HeidemannUSt-Identifikationsnummer gem. \u00a7 27 UStG:&nbsp;&nbsp;&nbsp; &nbsp;DE 252129178Eingetragen im Amtsgericht Lemgo:&nbsp;&nbsp;&nbsp;&nbsp;&nbsp;&nbsp;&nbsp;&nbsp;&nbsp;&nbsp;&nbsp;&nbsp;&nbsp;&nbsp;&nbsp; &nbsp;HRB 6247 Bildrechte Die Bildrechte verbleiben bei [&hellip;]<\/p>\n","protected":false},"author":1,"featured_media":0,"parent":0,"menu_order":0,"comment_status":"closed","ping_status":"closed","template":"","meta":[],"_links":{"self":[{"href":"https:\/\/friseur-heidemann.de\/index.php?rest_route=\/wp\/v2\/pages\/141"}],"collection":[{"href":"https:\/\/friseur-heidemann.de\/index.php?rest_route=\/wp\/v2\/pages"}],"about":[{"href":"https:\/\/friseur-heidemann.de\/index.php?rest_route=\/wp\/v2\/types\/page"}],"author":[{"embeddable":true,"href":"https:\/\/friseur-heidemann.de\/index.php?rest_route=\/wp\/v2\/users\/1"}],"replies":[{"embeddable":true,"href":"https:\/\/friseur-heidemann.de\/index.php?rest_route=%2Fwp%2Fv2%2Fcomments&post=141"}],"version-history":[{"count":6,"href":"https:\/\/friseur-heidemann.de\/index.php?rest_route=\/wp\/v2\/pages\/141\/revisions"}],"predecessor-version":[{"id":394,"href":"https:\/\/friseur-heidemann.de\/index.php?rest_route=\/wp\/v2\/pages\/141\/revisions\/394"}],"wp:attachment":[{"href":"https:\/\/friseur-heidemann.de\/index.php?rest_route=%2Fwp%2Fv2%2Fmedia&parent=141"}],"curies":[{"name":"wp","href":"https:\/\/api.w.org\/{rel}","templated":true}]}}

<p><strong>Betreiber und inhaltlich Verantwortlicher gemäß § 10 Absatz 3 MDStV dieser Seiten</strong></p>



<p>Friseurteam Jörg Heidemann GmbH<br>Hauptstraße 58<br>DE-33813 Oerlinghausen<br><br>Telefon: 05202 / 2344<br><br>E-Mail: info(at)friseur-heidemann.de<br><strong>Terminabsprache nicht per E-Mail möglich</strong><br><br><br><em>Inhaltlich Verantwortlicher gem. § 55 II RStV<br>und Geschäftsführer:</em> &nbsp;&nbsp;&nbsp;&nbsp;&nbsp;&nbsp;&nbsp;&nbsp;&nbsp;&nbsp;&nbsp;&nbsp;&nbsp;&nbsp;&nbsp;&nbsp;&nbsp;&nbsp;&nbsp;&nbsp;&nbsp;&nbsp;&nbsp;&nbsp;&nbsp;&nbsp;&nbsp;&nbsp;&nbsp;&nbsp;&nbsp;&nbsp;&nbsp;&nbsp;&nbsp;&nbsp; &nbsp;Jörg Heidemann<br><em>USt-Identifikationsnummer gem. § 27 UStG:</em>&nbsp;&nbsp;&nbsp; &nbsp;DE 252129178<br><em>Eingetragen im Amtsgericht Lemgo:</em>&nbsp;&nbsp;&nbsp;&nbsp;&nbsp;&nbsp;&nbsp;&nbsp;&nbsp;&nbsp;&nbsp;&nbsp;&nbsp;&nbsp;&nbsp; &nbsp;HRB 6247<br><br><br><strong>Bildrechte<br><br></strong>Die Bildrechte verbleiben bei den Fotografen oder sonstigen Rechteinhabern. Die meisten Bilder wurden von unserem Produkt- und Kooperationspartner Redken zur Nutzung zur Verfügung gestellt.&nbsp;<br><br>Bildquelle Startseite: istockphoto.com &amp;&nbsp;© Zentralverband Friseurhandwerk<br>Bildquelle Frisurenmoden:&nbsp;© Zentralverband Friseurhandwerk<br>Bildquelle Friseursalon &amp; Produktfotos:&nbsp;© Jan Schnieders<br>Bildquelle Fotos aus Oerlinghausen: © Karl-Heinz Meier | <a href="https://cuvid.de" target="_blank&quot;" rel="noopener">CUVID</a><br>Bildquelle Fotos Mitarbeiter: © Jörg Heidemann<br><br><strong>Haftungshinweis:<br></strong><br>Trotz sorgfältiger inhaltlicher Kontrolle übernehmen wir keine Haftung für die Inhalte externer Links. Für den Inhalt der verlinkten Seiten sind ausschließlich deren Betreiber verantwortlich.<br><br><em>Wir sind nicht zuständig für ausliegende Printprodukte und Werbeanzeigen!</em></p>

<p>Betreiber und inhaltlich Verantwortlicher gemäß § 10 Absatz 3 MDStV dieser Seiten Friseurteam Jörg Heidemann GmbHHauptstraße 58DE-33813 Oerlinghausen Telefon: 05202 / 2344 E-Mail: info(at)friseur-heidemann.deTerminabsprache nicht per E-Mail möglich Inhaltlich Verantwortlicher gem. § 55 II RStVund Geschäftsführer: &nbsp;&nbsp;&nbsp;&nbsp;&nbsp;&nbsp;&nbsp;&nbsp;&nbsp;&nbsp;&nbsp;&nbsp;&nbsp;&nbsp;&nbsp;&nbsp;&nbsp;&nbsp;&nbsp;&nbsp;&nbsp;&nbsp;&nbsp;&nbsp;&nbsp;&nbsp;&nbsp;&nbsp;&nbsp;&nbsp;&nbsp;&nbsp;&nbsp;&nbsp;&nbsp;&nbsp; &nbsp;Jörg HeidemannUSt-Identifikationsnummer gem. § 27 UStG:&nbsp;&nbsp;&nbsp; &nbsp;DE 252129178Eingetragen im Amtsgericht Lemgo:&nbsp;&nbsp;&nbsp;&nbsp;&nbsp;&nbsp;&nbsp;&nbsp;&nbsp;&nbsp;&nbsp;&nbsp;&nbsp;&nbsp;&nbsp; &nbsp;HRB 6247 Bildrechte Die Bildrechte verbleiben bei [&hellip;]</p>
